+ 924 = 0. Calculate the highest common factor of 12 and l.
12
Suppose 1 = i - 3*m + 4, -i = 2*m - 22. Let l = -57 + 117. What is the highest common factor of i and l?
12
Suppose 3*z + 1 - 7 = 0. Suppose 11 = t - z*w, -w = 5*t - 98 + 21. Suppose -2*i + 10 = -0*i. What is the highest common divisor of t and i?
5
Let l = 17 - 11. Suppose -q = -4*y + 27, 18 + l = 5*y + 2*q. Let c be 52/6 + (-4)/y. What is the greatest common divisor of c and 8?
8
Let j be 6/27 - (-68)/18. Let d be (2/j)/((-3)/(-18)). Suppose 2 = d*z - 7. Calculate the highest common factor of 27 and z.
3
Suppose 3*d + 0*d - 163 = -4*i, 0 = -5*d + 5. What is the highest common factor of i and 5?
5
Suppose 44 = b + b. Suppose 4*i - b = 2*i. What is the highest common factor of 22 and i?
11
Let i(h) = -h**2 - 20*h - 5. Let o be i(-19). Calculate the highest common divisor of 63 and o.
7
Let z(x) = -8*x - 1. Suppose 0 = 2*i + u + 2, i = 4*i - u + 3. Let l be z(i). Calculate the greatest common factor of 77 and l.
7
Suppose -245 + 45 = 2*w. Let t = -68 - w. Suppose 3*g = -2*g + 240. What is the highest common factor of g and t?
16
Let q(l) = -l**3 + 11*l**2 - 4*l + 14. Let p be q(9). Calculate the greatest common factor of p and 56.
28
Let n be (46 + -1)/((-6)/(-8)). What is the greatest common factor of n and 210?
30
Let p(y) = y**3 + 5*y**2 - y + 7. Let n be p(-5). Calculate the greatest common factor of 108 and n.
12
Let b(w) = -w**2 - 26*w - 23. Let x be (-18 + (-1 - 0))/1. Let o be b(x). What is the greatest common divisor of 10 and o?
10
Let l be (4 - -11)*-2*-1. What is the highest common divisor of 6 and l?
6
Suppose p - 15 = -2*f, -2*p + 57 = -4*f - f. Suppose -5*t = p - 276. Calculate the greatest common divisor of 34 and t.
17
Let w = 79 - 70. What is the greatest common divisor of 72 and w?
9
Suppose -4*w - w = n - 73, -4*w = 4*n - 212. What is the highest common divisor of 16 and n?
16
Let k(p) = -p**3 + 7*p**2 - 8*p - 6. Let b be k(5). Calculate the highest common divisor of 4 and b.
4
Let i = -8 + -10. Let z = i + 68. What is the highest common divisor of 10 and z?
10
Suppose -40 = 318*n - 322*n. Suppose -4*w - 40 = -5*w. Calculate the highest common factor of n and w.
10
Let q be 48*((-16)/(-6) - 2). Suppose 0 = 2*b - 39 + 11. Let x be (-4)/(-14) + 108/b. What is the highest common factor of x and q?
8
Let r = 0 - -2. Suppose -85 = -5*g + 5*p, 0 = 2*p - 0 + r. What is the highest common divisor of 16 and g?
16
Suppose -5*y + 324 = 4*q, 2*q - 4 = -2. Let s be (10 - 4 - 3) + 5. Calculate the highest common factor of s and y.
8
Let n = -469 - -496. Suppose 2*o = -3*o + 25. Let q = 14 - o. What is the highest common divisor of n and q?
9
Let n be (-15)/(-1) + (7 - 11). What is the greatest common divisor of 88 and n?
11
Suppose g - 7 + 4 = 0. Suppose g*i = -0*i + 3. What is the highest common factor of 1 and i?
1
Let r be ((-134)/(-8))/((-2)/(-8)). Let x = r - 0. Suppose -5*l - 22 = -x. Calculate the greatest common divisor of 18 and l.
9
Let k(a) = 2*a**3 + 3. Let c be k(6). Suppose 5*x + 7 - 454 = -4*u, -4*u - x = -c. Calculate the highest common factor of 12 and u.
12
Let a = -2 + 2. Suppose a*j - 60 = -4*j. Calculate the highest common divisor of j and 75.
15
Let d(r) = -r**2 + 6*r - 3. Let u be d(5). Suppose u*j = -3*j + 30. Suppose -2*i + 4*z - 130 = -5*i, 2*z - 2 = 0. What is the highest common factor of i and j?
6
Let s be 23/(-5) + (-8)/20. Let y(m) = -2*m - 1. Let k be y(s). Calculate the highest common factor of 18 and k.
9
Let k = -9 - -17. Calculate the highest common factor of 32 and k.
8
Let t be (33/22 - (-58)/4)/1. Calculate the highest common divisor of t and 144.
16
Let w(i) = i**3 - 7*i**2 + 6*i + 4. Let b be w(6). Suppose b*q = 2*q + 340. Calculate the highest common divisor of 17 and q.
17
Let f = 27 - 15. Calculate the greatest common divisor of f and 48.
12
Suppose -3*l - 2*g + 3 = g, -g = -3*l + 19. Suppose 0 = -l*v + 315 - 55. Calculate the highest common factor of v and 13.
13
Let v = 30 + -16. Calculate the greatest common divisor of v and 35.
7
Let s be (3/(-4))/(2/48). Let l be (2 - s) + (-1 - 1). Let p be (-81)/(-12) + 15/(-20). Calculate the greatest common divisor of p and l.
6
Suppose x = 4 - 1. Suppose -p = x*p - 48. Suppose -4*w + 28 = 2*u, 2*w - 7 = u - 3*w. What is the greatest common factor of p and u?
4
Suppose -130 = -5*m - 5*f + 4*f, -3*f = 4*m - 93. Calculate the highest common divisor of m and 18.
9
Let g = 11 - -1. Calculate the greatest common divisor of g and 3.
3
Suppose 2*k + 11 = -1. Let p(d) = d**3 + 7*d**2 + 5*d + 2. Let x be p(k). What is the highest common divisor of 12 and x?
4
Let k be (5 + -1)/(2/(-7)). Let i be (-71 - 2/(-2))*(-1)/2. Let l = k + i. Calculate the highest common factor of l and 21.
21
Let i = 99 + -39. Let z = 38 + -23. Calculate the greatest common divisor of i and z.
15
Suppose 7*g - 4*g = 0, 45 = 3*r - 2*g. Suppose -3*z + 6*z = 1485. Suppose 2*o - z = -o. What is the highest common divisor of o and r?
15
Let p be 0/(-1)*2/4. Let n be p + 42/(2 - -1). Calculate the highest common factor of 42 and n.
14
Let a(q) = -q + 10. Let d be a(0). Suppose 6*j = j + 195. Suppose -51 - j = -g. What is the highest common factor of g and d?
10
Suppose 7*v - 2*v + 4*k - 27 = 0, 0 = v + k - 6. Suppose v - 2 = c. What is the greatest common factor of c and 10?
1
Let t(l) = 98*l. Let x be t(1). Let p be 3/(2 - (-4)/(-4)). Suppose p*u = 3*f - u - 30, -4*f = -u - 53. Calculate the highest common factor of f and x.
14
Suppose 3*n - 1485 = -2*n. What is the greatest common factor of 33 and n?
33
Let m be 250/9 - (-6)/27. Let k(c) = -c**3 - 10*c**2 - 11*c - 4. Suppose -b - 3 - 6 = 0. Let z be k(b). Calculate the highest common factor of m and z.
14
Let x be ((-10)/2*10)/(-1). Suppose 0 = 2*h + 6 - x. Suppose 0 = 3*b - 6*b + 132. What is the highest common divisor of b and h?
22
Let q(w) = w**2 - 15*w - 6. Let x be q(16). What is the highest common factor of x and 40?
10
Suppose 0 = 4*y - 0*y - 20. Let d = 4 + y. What is the greatest common factor of d and 18?
9
Suppose 3*i + 6 = 4*o - 3, 0 = -o - 2*i + 16. Suppose -y - 4*l + 24 = 0, l + 0*l = 4. Let z = y + -6. What is the greatest common factor of o and z?
2
Suppose -3*n = -9*n + 36. What is the highest common divisor of 42 and n?
6
Let s = 62 + 50. Let v(x) = -x**3 - 5*x**2 - 3*x + 1. Let q be v(-5). What is the highest common factor of q and s?
16
Suppose 6*z - 18 = 3*z. Let i be ((-4)/(-3))/(4/z). What is the highest common divisor of 5 and i?
1
Let l be -3 - 0 - (5 - 11). Calculate the greatest common factor of l and 9.
3
Suppose 0 = 8*l - 9*l + 2. Suppose -3*c - 52 = -l*s, 0*s + 5*c + 108 = 4*s. What is the highest common divisor of 80 and s?
16
Let o be (-4 - 18)*2*-1. What is the greatest common divisor of o and 484?
44
Suppose -190 = -i - 65. Calculate the highest common factor of i and 25.
25
Let v be -5*(4 + (-56)/5). Suppose 4*k - 180 = 2*k. What is the highest common divisor of k and v?
18
Let r = 3 + -1. Suppose r*s + 4 = -n, -2*s - 2 = -4*n + 12. Suppose n = 2*u - 0*u. What is the greatest common factor of 1 and u?
1
Let f(x) = 2*x**2 + 4*x - 6. Let z be f(4). Let t(c) = -c + 9. Let d be t(0). Let k = 37 - d. Calculate the greatest common divisor of z and k.
14
Let l(b) = b**2 + 2*b + 8. Let z be l(-6). Calculate the highest common divisor of z and 32.
32
Suppose -148 = -2*h - 8. What is the greatest common divisor of h and 28?
14
Suppose -v - 58 = -3*v. Calculate the greatest common divisor of 87 and v.
29
Let h be 1/(-3*(-1)/213). Let n = -16 + h. What is the highest common divisor of 22 and n?
11
Let i = -80 + 83. What is the highest common divisor of 3 and i?
3
Suppose -q = -8*q + 1309. What is the greatest common divisor of 17 and q?
17
Let n be (28/8 + 2)*10. Suppose 0 = y - 2*y + 3. Suppose r = x - 8, -y*r + 6 = 3*x - 0*x. What is the greatest common factor of x and n?
5
Suppose 4*z + 4*q - 28 = 0, -2*z + z = -5*q + 17. Suppose 3*j = z + 9. Let l = 21 - -11. What is the greatest common factor of l and j?
4
Suppose -h + 3*q + 16 = 6, -5*h - q = -50. What is the greatest common divisor of 15 and h?
5
Let d(f) = -f**2 + 11*f - 11. Let u(l) = 3*l - 3. Let z(a) = -6*d(a) + 22*u(a). Let p be z(1). What is the greatest common factor of p and 30?
6
Let m